{"id":615,"date":"2024-11-09T15:24:47","date_gmt":"2024-11-09T18:24:47","guid":{"rendered":"https:\/\/www.camaracampos.rj.gov.br\/site\/?page_id=615"},"modified":"2024-11-15T17:09:12","modified_gmt":"2024-11-15T20:09:12","slug":"contato-2","status":"publish","type":"page","link":"https:\/\/www.camaracampos.rj.gov.br\/site\/contato-2\/","title":{"rendered":"Ouvidoria"},"content":{"rendered":"\n<h4 class=\"wp-block-heading has-black-color has-text-color has-link-color has-large-font-size wp-elements-eea2bd2ba17c983807a2e11ca3b2ace7\"><a href=\"https:\/\/www.camaracampos.rj.gov.br\/site\/ouvidoria\" title=\"\"><strong>Ouvidoria<\/strong><\/a><\/h4>\n\n\n\n<p class=\"has-text-align-center has-text-color has-link-color wp-elements-5d68c12308fe44fa24ec97a51c148452\" style=\"color:#656e7b;font-size:17px;font-style:normal;font-weight:500\">Informa\u00e7\u00f5es da nossa ouvidoria<\/p>\n\n\n\n<figure class=\"wp-block-table\"><table class=\"has-fixed-layout\"><tbody><tr><td><strong>Endere\u00e7o: <\/strong><\/td><td>Avenida Alberto Torres n\u00b0 334, Centro<\/td><\/tr><tr><td><strong>Cidade:<\/strong><\/td><td>Campos dos Goytacazes\/RJ<\/td><\/tr><tr><td><strong>E-mail:<\/strong><\/td><td>ouvidoria@camaracampos.rj.gov.br<\/td><\/tr><tr><td><strong>Cep:<\/strong><\/td><td>28035-581<\/td><\/tr><tr><td><strong>Pa\u00eds:<\/strong><\/td><td>Brasil<\/td><\/tr><tr><td><strong>Numero de Contato:<\/strong><\/td><td>(22) 2101-6350<\/td><\/tr><tr><td><strong>Site Oficial:<\/strong><\/td><td><a href=\"http:\/\/www.camaracampos.rj.gov.br\/\" target=\"_blank\" rel=\"noreferrer noopener\">ht<\/a><a href=\"http:\/\/www.camaracampos.rj.gov.br\/site\" title=\"\">tp:\/\/www.camaracampos.rj.gov.br\/<\/a><\/td><\/tr><tr><td><strong>Hor\u00e1rio de atendimento:<\/strong><\/td><td>08:00 \u00e0s 17:00<\/td><\/tr><tr><td><strong>Local de atendimento na c\u00e2mara<\/strong>:<\/td><td>Sala da Ouvidoria<\/td><\/tr><\/tbody><\/table><\/figure>\n\n\n\n<p class=\"has-text-align-center has-text-color has-link-color wp-elements-efca9851785e9e7630a54161df86406e\" style=\"color:#656e7b;font-size:17px;font-style:normal;font-weight:500\">Fale Conosco<\/p>\n\n\n<style id=\"wpforms-css-vars-11-block-1cf756f4-87e1-40cc-bff3-147a18ad7347\">\n\t\t\t\t#wpforms-11.wpforms-block-1cf756f4-87e1-40cc-bff3-147a18ad7347 {\n\t\t\t\t--wpforms-button-border-radius: 20px;\n--wpforms-button-background-color: #cf2e2e;\n--wpforms-field-size-input-height: 43px;\n--wpforms-field-size-input-spacing: 15px;\n--wpforms-field-size-font-size: 16px;\n--wpforms-field-size-line-height: 19px;\n--wpforms-field-size-padding-h: 14px;\n--wpforms-field-size-checkbox-size: 16px;\n--wpforms-field-size-sublabel-spacing: 5px;\n--wpforms-field-size-icon-size: 1;\n--wpforms-label-size-font-size: 14px;\n--wpforms-label-size-line-height: 17px;\n--wpforms-label-size-sublabel-font-size: 13px;\n--wpforms-label-size-sublabel-line-height: 16px;\n--wpforms-button-size-font-size: 20px;\n--wpforms-button-size-height: 48px;\n--wpforms-button-size-padding-h: 20px;\n--wpforms-button-size-margin-top: 15px;\n\t\t\t}\n\t\t\t<\/style><div class=\"wpforms-container wpforms-container-full wpforms-block wpforms-block-1cf756f4-87e1-40cc-bff3-147a18ad7347 wpforms-render-modern\" id=\"wpforms-11\"><form id=\"wpforms-form-11\" class=\"wpforms-validate wpforms-form wpforms-ajax-form\" data-formid=\"11\" method=\"post\" enctype=\"multipart\/form-data\" action=\"\/site\/wp-json\/wp\/v2\/pages\/615\" data-token=\"2b1d5737d8a9ea0a0748ec2d3468e4d8\" data-token-time=\"1777828194\"><noscript class=\"wpforms-error-noscript\">Ative o JavaScript no seu navegador para preencher este formul\u00e1rio.<\/noscript><div id=\"wpforms-error-noscript\" style=\"display: none;\">Ative o JavaScript no seu navegador para preencher este formul\u00e1rio.<\/div><div class=\"wpforms-field-container\"><div id=\"wpforms-11-field_1-container\" class=\"wpforms-field wpforms-field-name\" data-field-id=\"1\"><label class=\"wpforms-field-label\" for=\"wpforms-11-field_1\">Nome <span class=\"wpforms-required-label\" aria-hidden=\"true\">*<\/span><\/label><input type=\"text\" id=\"wpforms-11-field_1\" class=\"wpforms-field-large wpforms-field-required\" name=\"wpforms[fields][1]\" aria-errormessage=\"wpforms-11-field_1-error\" aria-describedby=\"wpforms-11-field_1-description\" required><div id=\"wpforms-11-field_1-description\" class=\"wpforms-field-description\">Nome Completo<\/div><\/div>\t\t<div id=\"wpforms-11-field_4-container\"\n\t\t\tclass=\"wpforms-field wpforms-field-text\"\n\t\t\tdata-field-type=\"text\"\n\t\t\tdata-field-id=\"4\"\n\t\t\t>\n\t\t\t<label class=\"wpforms-field-label\" for=\"wpforms-11-field_4\" >Nome Telefone Mensagem<\/label>\n\t\t\t<input type=\"text\" id=\"wpforms-11-field_4\" class=\"wpforms-field-medium\" name=\"wpforms[fields][4]\" >\n\t\t<\/div>\n\t\t<div id=\"wpforms-11-field_2-container\" class=\"wpforms-field wpforms-field-email\" data-field-id=\"2\"><label class=\"wpforms-field-label\" for=\"wpforms-11-field_2\">Email <span class=\"wpforms-required-label\" aria-hidden=\"true\">*<\/span><\/label><input type=\"email\" id=\"wpforms-11-field_2\" class=\"wpforms-field-large wpforms-field-required\" name=\"wpforms[fields][2]\" spellcheck=\"false\" aria-errormessage=\"wpforms-11-field_2-error\" aria-describedby=\"wpforms-11-field_2-description\" required><div id=\"wpforms-11-field_2-description\" class=\"wpforms-field-description\">Email para contato<\/div><\/div><div id=\"wpforms-11-field_8-container\" class=\"wpforms-field wpforms-field-name\" data-field-id=\"8\"><label class=\"wpforms-field-label\" for=\"wpforms-11-field_8\">Telefone <span class=\"wpforms-required-label\" aria-hidden=\"true\">*<\/span><\/label><input type=\"text\" id=\"wpforms-11-field_8\" class=\"wpforms-field-large wpforms-field-required\" name=\"wpforms[fields][8]\" aria-errormessage=\"wpforms-11-field_8-error\" aria-describedby=\"wpforms-11-field_8-description\" required><div id=\"wpforms-11-field_8-description\" class=\"wpforms-field-description\">Telefone para contato<\/div><\/div><div id=\"wpforms-11-field_3-container\" class=\"wpforms-field wpforms-field-text\" data-field-id=\"3\"><label class=\"wpforms-field-label\" for=\"wpforms-11-field_3\">Assunto <span class=\"wpforms-required-label\" aria-hidden=\"true\">*<\/span><\/label><input type=\"text\" id=\"wpforms-11-field_3\" class=\"wpforms-field-large wpforms-field-required\" name=\"wpforms[fields][3]\" aria-errormessage=\"wpforms-11-field_3-error\" aria-describedby=\"wpforms-11-field_3-description\" required><div id=\"wpforms-11-field_3-description\" class=\"wpforms-field-description\">Descreva sua d\u00favida em geral.<\/div><\/div><div id=\"wpforms-11-field_11-container\" class=\"wpforms-field wpforms-field-text\" data-field-id=\"11\"><label class=\"wpforms-field-label\" for=\"wpforms-11-field_11\">Mensagem <span class=\"wpforms-required-label\" aria-hidden=\"true\">*<\/span><\/label><input type=\"text\" id=\"wpforms-11-field_11\" class=\"wpforms-field-large wpforms-field-required\" name=\"wpforms[fields][11]\" aria-errormessage=\"wpforms-11-field_11-error\" aria-describedby=\"wpforms-11-field_11-description\" required><div id=\"wpforms-11-field_11-description\" class=\"wpforms-field-description\">Nos d\u00ea mais detalhes de sua d\u00favida.<\/div><\/div><script>\n\t\t\t\t( function() {\n\t\t\t\t\tconst style = document.createElement( 'style' );\n\t\t\t\t\tstyle.appendChild( document.createTextNode( '#wpforms-11-field_4-container { position: absolute !important; overflow: hidden !important; display: inline !important; height: 1px !important; width: 1px !important; z-index: -1000 !important; padding: 0 !important; } #wpforms-11-field_4-container input { visibility: hidden; } #wpforms-conversational-form-page #wpforms-11-field_4-container label { counter-increment: none; }' ) );\n\t\t\t\t\tdocument.head.appendChild( style );\n\t\t\t\t\tdocument.currentScript?.remove();\n\t\t\t\t} )();\n\t\t\t<\/script><\/div><!-- .wpforms-field-container --><div class=\"wpforms-submit-container\" ><input type=\"hidden\" name=\"wpforms[id]\" value=\"11\"><input type=\"hidden\" name=\"page_title\" value=\"\"><input type=\"hidden\" name=\"page_url\" value=\"https:\/\/www.camaracampos.rj.gov.br\/site\/wp-json\/wp\/v2\/pages\/615\"><input type=\"hidden\" name=\"url_referer\" value=\"\"><button type=\"submit\" name=\"wpforms[submit]\" id=\"wpforms-submit-11\" class=\"wpforms-submit\" data-alt-text=\"Sending...\" data-submit-text=\"Submit\" aria-live=\"assertive\" value=\"wpforms-submit\">Submit<\/button><img decoding=\"async\" src=\"https:\/\/www.camaracampos.rj.gov.br\/site\/wp-content\/plugins\/wpforms-lite\/assets\/images\/submit-spin.svg\" class=\"wpforms-submit-spinner\" style=\"display: none;\" width=\"26\" height=\"26\" alt=\"Carregando\"><\/div><\/form><\/div>  <!-- .wpforms-container -->","protected":false},"excerpt":{"rendered":"<p>Ouvidoria Informa\u00e7\u00f5es da nossa ouvidoria Endere\u00e7o: Avenida Alberto Torres n\u00b0 334, Centro Cidade: Campos dos Goytacazes\/RJ E-mail: ouvidoria@camaracampos.rj.gov.br Cep: 28035-581 Pa\u00eds: Brasil Numero de Contato: (22) 2101-6350 Site Oficial: http:\/\/www.camaracampos.rj.gov.br\/ Hor\u00e1rio de atendimento: 08:00 \u00e0s 17:00 Local de atendimento na c\u00e2mara: Sala da Ouvidoria Fale Conosco<\/p>\n","protected":false},"author":1,"featured_media":0,"parent":0,"menu_order":0,"comment_status":"closed","ping_status":"closed","template":"","meta":{"pgc_sgb_lightbox_settings":"","footnotes":""},"class_list":["post-615","page","type-page","status-publish","hentry"],"aioseo_notices":[],"rttpg_featured_image_url":null,"rttpg_author":{"display_name":false,"author_link":"https:\/\/www.camaracampos.rj.gov.br\/site\/author\/camaracampos_vrlte0\/"},"rttpg_comment":0,"rttpg_category":null,"rttpg_excerpt":"Ouvidoria Informa\u00e7\u00f5es da nossa ouvidoria Endere\u00e7o: Avenida Alberto Torres n\u00b0 334, Centro Cidade: Campos dos Goytacazes\/RJ E-mail: ouvidoria@camaracampos.rj.gov.br Cep: 28035-581 Pa\u00eds: Brasil Numero de Contato: (22) 2101-6350 Site Oficial: http:\/\/www.camaracampos.rj.gov.br\/ Hor\u00e1rio de atendimento: 08:00 \u00e0s 17:00 Local de atendimento na c\u00e2mara: Sala da Ouvidoria Fale Conosco","_links":{"self":[{"href":"https:\/\/www.camaracampos.rj.gov.br\/site\/wp-json\/wp\/v2\/pages\/615","targetHints":{"allow":["GET"]}}],"collection":[{"href":"https:\/\/www.camaracampos.rj.gov.br\/site\/wp-json\/wp\/v2\/pages"}],"about":[{"href":"https:\/\/www.camaracampos.rj.gov.br\/site\/wp-json\/wp\/v2\/types\/page"}],"author":[{"embeddable":true,"href":"https:\/\/www.camaracampos.rj.gov.br\/site\/wp-json\/wp\/v2\/users\/1"}],"replies":[{"embeddable":true,"href":"https:\/\/www.camaracampos.rj.gov.br\/site\/wp-json\/wp\/v2\/comments?post=615"}],"version-history":[{"count":6,"href":"https:\/\/www.camaracampos.rj.gov.br\/site\/wp-json\/wp\/v2\/pages\/615\/revisions"}],"predecessor-version":[{"id":689,"href":"https:\/\/www.camaracampos.rj.gov.br\/site\/wp-json\/wp\/v2\/pages\/615\/revisions\/689"}],"wp:attachment":[{"href":"https:\/\/www.camaracampos.rj.gov.br\/site\/wp-json\/wp\/v2\/media?parent=615"}],"curies":[{"name":"wp","href":"https:\/\/api.w.org\/{rel}","templated":true}]}}